NOAA-Style Climate Reports
Select a Year or Month report
2024: Jan Feb Mar Apr May Jun Jul Aug Sep Oct Nov Dec
2023: Jan Feb Mar Apr May Jun Jul Aug Sep Oct Nov Dec
2022: Jan Feb Mar Apr May Jun Jul Aug Sep Oct Nov Dec
2021: Jan Feb Mar Apr May Jun Jul Aug Sep Oct Nov Dec
2020: Jan Feb Mar Apr May Jun Jul Aug Sep Oct Nov Dec
2019: Jan Feb Mar Apr May Jun Jul Aug Sep Oct Nov Dec
2018: Jan Feb Mar Apr May Jun Jul Aug Sep Oct Nov Dec
2017: Jan Feb Mar Apr May Jun Jul Aug Sep Oct Nov Dec
2024: Jan Feb Mar Apr May Jun Jul Aug Sep Oct Nov Dec
2023: Jan Feb Mar Apr May Jun Jul Aug Sep Oct Nov Dec
2022: Jan Feb Mar Apr May Jun Jul Aug Sep Oct Nov Dec
2021: Jan Feb Mar Apr May Jun Jul Aug Sep Oct Nov Dec
2020: Jan Feb Mar Apr May Jun Jul Aug Sep Oct Nov Dec
2019: Jan Feb Mar Apr May Jun Jul Aug Sep Oct Nov Dec
2018: Jan Feb Mar Apr May Jun Jul Aug Sep Oct Nov Dec
2017: Jan Feb Mar Apr May Jun Jul Aug Sep Oct Nov Dec
Report for 2024 April
Monthly Climatological Summary for Apr 2024 Name: New.CamptonHillsWeather.com City: Campton Hills State: IL Elevation: 870 ft Lat: N 41° 57' 36" Lon: W 088° 25' 22" Temperature (°F), Rain (in), Wind Speed (mph) Heat Cool Avg Mean Deg Deg Wind Dom Day Temp High Time Low Time Days Days Rain Speed High Time Dir ---------------------------------------------------------------------------------- 1 43.5 48.0 10:55 40.3 00:00 21.1 0.0 0.27 3.0 17.0 10:22 ESE 2 39.8 43.2 00:00 35.1 21:40 24.8 0.0 0.68 4.5 24.0 17:03 NNE 3 35.2 36.8 15:26 33.7 06:37 29.3 0.0 0.26 7.1 27.0 13:23 NW 4 38.0 41.7 17:30 35.1 10:30 26.6 0.0 0.08 5.7 27.0 13:01 N 5 41.2 49.7 16:33 33.2 23:59 23.4 0.0 0.00 2.0 20.0 16:09 N 6 42.5 53.8 14:25 31.6 02:51 22.1 0.0 0.00 1.3 12.0 11:12 ESE 7 44.2 50.0 18:49 37.4 02:56 20.5 0.0 0.43 3.8 23.0 11:49 SE 8 56.6 69.2 17:26 45.9 01:13 8.6 0.4 0.00 2.7 23.0 11:49 SW 9 54.2 61.9 16:15 47.4 06:06 10.6 0.0 0.00 2.1 16.0 15:09 WNW 10 55.5 67.5 15:58 41.4 04:51 9.5 0.4 0.00 0.4 16.0 08:13 NNW 11 54.2 59.3 13:52 49.2 23:43 10.6 0.0 0.01 1.5 12.0 20:59 NNW 12 53.2 61.8 16:10 47.0 06:27 11.7 0.0 0.01 6.4 25.0 11:20 NNW 13 57.0 70.9 16:24 41.2 06:32 8.9 1.1 0.00 2.6 25.0 10:58 WSW 14 68.7 82.0 16:44 57.3 02:26 2.2 5.8 0.00 2.6 16.0 08:43 W 15 62.7 76.5 17:01 48.1 06:13 5.2 2.9 0.00 0.7 16.0 08:21 E 16 63.9 76.6 14:46 50.9 05:52 4.5 3.4 0.07 3.5 25.0 14:15 SE 17 60.0 67.3 00:54 50.8 23:58 5.3 0.4 0.00 5.6 25.0 14:15 W 18 50.5 59.3 14:40 44.6 05:17 14.2 0.0 0.18 0.8 24.0 12:34 N ---------------------------------------------------------------------------------- 51.2 82.0 14 31.6 6 259.1 14.4 1.99 3.1 27.0 3 NW Max >= 80.0: 1 Max <= 32.0: 0 Min <= 32.0: 1 Min <= 0.0: 0 Max Rain: 0.68 on day 2 Days of Rain: 9 (>= 0.01 in) 5 (>= 0.10 in) 0 (>= 1.00 in) Heat Base: 65.0 Cool Base: 65.0 Method: Integration